 (-7 + 13 + -9 + 4 + 0)?
-7
What is the value of -85 + 92 + -18 + 0?
-11
Calculate (-7 - (-9 - -13)) + (10 - 6) + -6.
-13
What is the value of 7 + (23 + -18 + -4 + 3 - -7)?
18
Calculate 5 - (-6 + 0 + -1).
12
What is 1 - (-12 - -12 - (2 + 0))?
3
Evaluate (16 - -3 - 47) + 25.
-3
What is the value of 10 + -13 + 12 - -1?
10
(-26 - -3) + (14 - (-30 + 52))
-31
(-4 - 2) + 15 + (-5 - -5) + -3
6
10 - 0 - (61 - 59)
8
What is -24 + -27 + 25 - -48?
22
Evaluate (-20 - (-13 - -4 - -7)) + 8.
-10
What is the value of -10 + -29 + 52 + 3 + -24?
-8
8 - 1 - (1 + -5 + 2 + 1)
8
What is the value of (0 - 5 - -13) + 5?
13
-12 + 0 - ((-12 - -5) + -5)
0
What is the value of -43 + -22 + 56 - (-1 + 1 - -2)?
-11
-7 + (0 - (8 - -13)) + 12 - 4
-20
Evaluate -61 - -36 - (-50 + 15).
10
What is the value of 17 + -3 - (-8 + 3 + 7)?
12
11 + (4 - -6 - 10 - 3) - 31
-23
Evaluate 18 - 27 - ((0 - -1) + 5).
-15
2 + -5 - (7 + -1)
-9
What is the value of -6 - (2 + -8 + -8 + 8)?
0
Calculate 21 + (-15 - -6) - (-27 - -57).
-18
Evaluate 15 - (9 + -6 + -16 - -8).
20
What is -2 + 12 - (9 + 8 + -25)?
18
(-62 - -66) + 4 + 1
9
Calculate 1 + -13 - (-17 + (14 - 20)).
11
Calculate 24 + (-18 - -23 - (-1 + -2) - 16).
16
Calculate 8 - -12 - 34 - -2.
-12
What is 6 - (17 - (-9 + 11))?
-9
What is 1 + -1 + (-3 - (-4 - 5) - 7)?
-1
(549 - 527) + (0 - 9)
13
Calculate 621 - 608 - (1 - 26).
38
What is -8 + 3 + -9 + 4 - -2?
-8
Evaluate 1 - -5 - (-39 + 7 + 29).
9
What is the value of -19 - (-12 + 3 + -2 + 1)?
-9
Evaluate 26 + (-11 - (4 - 14) - 16).
9
What is the value of -10 + (1 + (-2 - -6) - 8)?
-13
What is -1 + -3 - ((0 - 1) + (-32 - -33))?
-4
Evaluate 8 + -30 + (8 - -12).
-2
What is -12 - (37 + -13 - 1)?
-35
Calculate -14 + 4 - ((3 - 6) + 1 + -3).
-5
4 + (-11 - -24 - 9) + 3 + -11
0
What is -9 - -4 - (-7 - (-6 - -17))?
13
What is -6 - (43 + -43 - (3 - 2 - -15))?
10
1 - ((6 - -1) + (-5 - 4))
3
Calculate 0 - -6 - ((-4 - (4 + -3)) + 10).
1
-15 + 32 - (14 - 11)
14
Evaluate 7 + (5 - 3) - (0 + 7 - 0).
2
What is (-6 - 14) + -1 + 22?
1
Calculate -17 - (-7 + (-4 - 9)).
3
Evaluate 0 + (6 - (1 + 0)) + -8 - -6.
3
What is (11 - (-10 - -13) - 12) + (12 - -1)?
9
Evaluate 2 - (-9 + (-5 - (-3 - 4))).
9
21 + -25 + 18 - (7 + -4 - 0)
11
Calculate 127 + -100 + (-1 - 0 - -7).
33
What is -67 + (7 - -10) + 34?
-16
Calculate -40 - (-9 + (-4 - (0 + 0))).
-27
What is the value of 17 - 1 - (53 + (19 - 46))?
-10
(-36 - -17) + 28 - (21 - 1)
-11
Calculate 75 + -84 - (4 + -3).
-10
What is 7 + (-5 - 0) - (-6 + 7) - 7?
-6
What is the value of -37 + (41 - 9) - (0 - -11)?
-16
What is 0 + -6 + -13 + 16 + -1 + 15?
11
What is (-210 - -174 - (-18 - 0)) + 6 + 1?
-11
What is (3 - 2 - 2 - -4) + -15?
-12
What is the value of 75 - 32 - 29 - 1?
13
Calculate 22 - 2 - (-9 + (-7 - (-7 - 3))).
26
34 - (25 + (0 + -9 - 3))
21
Evaluate (0 - 21) + (253 - 250).
-18
Evaluate -1 - -39 - (-2276 + 2296).
18
Evaluate (13 + 0 - 10) + (-2 - 0).
1
3 - (2 + 2 + (8 - 7))
-2
Evaluate (2 - (-5 + 7)) + (0 - 3).
-3
Calculate 7 + (-35 - -3) + 2 + 1 + 7.
-15
What is (-38 - -44) + -21 + 37?
22
-6 - ((-3 - (-5 + -3)) + (13 - 15))
-9
Calculate -10 - 1 - (155 - 169).
3
19 + -25 + 3 + 4 + 7 + -10
-2
Calculate -9 + 14 + -15 + 6 - (0 + -2).
-2
-15 - (30 - 25) - -15
-5
Calculate -7 - -36 - 15 - -2.
16
Evaluate 37 - (34 - 1) - 30.
-26
Calculate 30 + (4 - ((6 - 4) + -9) - 8).
33
What is the value of (-15 + 10 + 9 - (1 - 5)) + 5?
13
7 - (-9 + 20 + -10 - (2 + -5))
3
What is -30 + (1 - 3) + -16 + (-48 - -66)?
-30
-39 + 63 - (2 - -11)
11
What is the value of (-8 - -7 - 0) + (6 - -1 - 0)?
6
What is (14 - 33 - -6) + 22?
9
What is the value of 100 + -144 - (-16 + 1)?
-29
4 + 3 + -13 + (4 + 7 - -7)
12
(26 - 43) + -5 + 25
3
3 + (-7 - -10) + 3 + -6 - 33
-30
What is (23 - 17) + (-1 - 4)?
1
What is the value of 9 + (18 - 12) + -18?
-3
Evaluate -39 - (0 - 26 - (-32 - -21)).
-24
Calculate -38 + 28 - (0 - 1) - 3.
-12
(-10 + 0 - (2 + -22 - -16)) + 3
-3
Calculate (-15 - (-8 - -3)) + 23.
13
What is the value of 16 + 3 + -12 + (1 - 27) + -5?
-24
What is 9 - (12 + (13 - 12)) - 22?
-26
What is the value of 17 - ((3 - -9) + 17)?
-12
What is -44 + 55 - (15 - 8)?
4
Calculate (-11 - (11 + -10 + -20)) + -7.
1
-8 + -35 + (48 - -13)
18
Calculate -35 - -44 - (-1 - -5).
5
What is the value of (-11 - (-6 + 2)) + 22 - (2 + 1)?
12
Calculate 14 + -19 - (-4 + 4 + -5).
0
Evaluate 39 - (8 + 24 + -20).
27
Calculate (-7 - (-1 + (-25 - -15))) + (1 - 4).
1
13 - 0 - (89 + -100 + 13 + 2)
9
7 - (-3 - 4) - 9
5
What is 91 + -98 - (-4 + 4 - (5 - 12))?
-14
(16 - (24 + (50 - 27))) + 5 + -1
-27
What is 17 + -7 + 9 - 6?
13
Evaluate 5 + (2 - (29 - 19 - (-1 + 0))).
-4
What is the value of (4 - -16) + (7 - -9) + -7?
29
Calculate -4 - 19 - (26 + -47) - (0 + 23).
-25
What is 1 + -3 - (-45 + 25 + -2)?
20
Evaluate (18 + -13 - 4) + 18 + -12.
7
What is the value of 2 - (1 + 1) - (263 + -261)?
-2
Calculate 0 + -6 + -3 + 3 + 8.
2
What is the value of -6 + 2 - (7 + -2 - 12)?
3
-5 + (-13 - (-7 + 11 + -7))
-15
Calculate -53 + 6 + -10 + 32.
-25
4 + 19 + (-13 - -2) + -17
-5
-17 + 25 + 12 + -20
0
Calculate 151 + -140 + (3 + 0 + -4 - 6).
4
What is the value of 2 + (-4 + 15 + 2 - 0)?
15
What is the value of 4 + 30 + -64 + 40?
10
What is the value of (-4 - -4) + (4 - (-12 - -24))?
-8
-30 - 1 - (662 - 721)
28
Calculate -216 + 218 + 13 + -1 + -12 - 18.
-16
(2 - ((2 - 2) + 27 + -28)) + -7
-4
What is the value of 13 - 43 - (-1 + (-4 - (6 - 0)))?
-19
-2 + -5 + (20 - -19 - 18)
14
What is the value of -411 - -446 - (7 + 1 + -4 + 4)?
27
Calculate 1 + 18 + 2 + -13.
8
16 + (18 - 6) - 18
10
What is -1 + (12 + -10 - (4 + 2))?
-5
What is the value of -27 - -7 - (-32 + -3)?
15
-3 + 5 + (2 - 1) + 4
7
What is the value of 0 + 0 + 83 + -89?
-6
What is the value of 6 + -6 + -5 + (42 - 29)?
8
Evaluate 64 + 1 + 5 + -38.
32
Calculate -5 + 1 - -8 - (-14 + 9) - -6.
15
Calculate -2 - (-7 + (1 - (-3 + 0))).
1
Evaluate (6 - 41) + (0 + 12 - (-22 + 25)).
-26
Evaluate 37 + (20 - 41) - -13.
29
Evaluate 25 + 3 + -133 + 100.
-5
Calculate -11 + 1 + -140 + 155.
5
What is -626 - -638 - (43 - 2)?
-29
Calculate 30 + (11 - 2 - (11 + (15 - 10))).
23
(0 - -21) + (-200 - -147)
-32
Calculate 2 + 3 + 24 + -12.
17
Evaluate 4 + -1 - (-90 + 81 + -1 + 1).
12
What is (7 - -4) + -7 + 17 + 8?
29
(-7 - 0) + (0 - -8 - 0) + -3
-2
Evaluate -7 + (2 + -14 - -18).
-1
Calculate (25 - 11) + -6 + 1 - -7 - 1.
15
5 - (7 - (20 + -10))
8
What is -201 - -196 - ((14 - 6) + (0 - -4))?
-17
What is -3118 + 3078 - (-13 - (-1 - -2))?
-26
What is the value of -23 + (2 - 22) + 42?
-1
28 + (1 - 13) + -9
7
What is the value of 0 + 5 + (-32 + 22 - (-1 + 0))?
-4
(35 - 9) + (-13 - 6)
7
What is 4 + (12 - 30) + 25?
11
Calculate (30 - (-46 - -91)) + (-1 - -2) + -5.
-19
What is the value of -12 + 5 - (1 + -5 - (-40 + 38))?
-5
0 - -1 - (-2 + (5 - 2 - -1))
-1
Evaluate 17 + -1 + 14 + 1 + (2091 - 2100).
22
What is the value of (6 - -4) + (3 - 10) + -13 + -1?
-11
Evaluate -27 - (22 + -25) - -14.
-10
What is 1780 + -1800 + 0 + 3 + 0?
-17
Evaluate -1 + 1 + -14 + 16 + -1.
1
What is (9 - -1) + -11 + -4 - -2 - 2?
-5
(13 - 10) + (5 - 1) - (-85 - -123)
-31
1 + (-30 + 1 - -21)
-7
What is 37 + -35 + (21 - 2)?
21
What is the value of 66 + -63 + (-2 - (3 - (0 + 2)))?
0
Calculate (-19 - 7) + 13 + -6.
-19
Evaluate (-27 + 44 - 9) + (-14 - -2).
-4
-8 + 5 - ((1 - -5) + -23 + 18)
-4
12 + 0 + 16 + -1 + -19 + -4
4
What is the value of (-13 - -8) + 6 - (0 + 2)?
-1
What is the value of -7 + 8 - (2 - (-2 - 7))?
-10
What is 15 - ((1 - 5) + (18 - 16)) - 7?
10
Evaluate 1 - -1 - (505 + -499).
-4
Evaluate (8 - -4) + 19 + -19 - 22.
-10
Calculate -4 + -16 - ((3 - 14) + 2).
-11
What is the value of (-75 - -76) + (4 - 3 - -17)?
19
9 - (26 + -24 + -9)
16
Evaluate (8 - 23) + 25 - (-1 - -11).
0
-5 + 4 - ((10 - 0) + -1) - -7
-3
Calculate (3 - 3 - (1 - (-2 + -5))) + -8.
-16
What is (0 - 6 - 13) + 15?
-4
-8 + (15 - 3 - (6 + -1))
-1
What is 6 - 2 - (-7 - (-17 + (3 - 30)))?
-33
What is 4 + 1 - (-5 + (0 + -8 - -4))?
14
-97 + 51 + 33 - (-6 - (0 + 1))
-6
What is -1 - -12 - (6 + -21 - -30)?
-4
What is (-1 + -2 - (7 - (5 - 6))) + 46?
35
-20 + -15 + 10 + (-1 - -4)
-22
What is the value of 4 - 4 - (-3 - (2 - 4))?
1
What is the value of (-10 + (5 - 7) - -10) + -15?
-17
0 - (3 + -17 + 20 - -19)
-25
Calculate 10 - (8 + (-11 - -13 - -6 - 12)).
6
What is 12 + 10 + -21 + (-7 - 1) - -10?
3
(